426752.
2, 1667
What are the prime factors of 2044440?
2, 3, 5, 631
List the prime factors of 186079.
317, 587
What are the prime factors of 1198986?
2, 3, 199831
List the prime factors of 4874443.
7, 696349
List the prime factors of 249420.
2, 3, 5, 4157
What are the prime factors of 295414?
2, 7, 21101
What are the prime factors of 366636?
2, 3, 30553
List the prime factors of 169581.
3, 56527
List the prime factors of 5527487.
7, 29, 73, 373
What are the prime factors of 2308392?
2, 3, 10687
List the prime factors of 103630.
2, 5, 43, 241
List the prime factors of 2382092.
2, 595523
What are the prime factors of 3744096?
2, 3, 43, 907
List the prime factors of 1385581.
79, 17539
List the prime factors of 28641.
3, 9547
What are the prime factors of 9892003?
11, 899273
List the prime factors of 1286356.
2, 17, 18917
What are the prime factors of 881884?
2, 220471
List the prime factors of 28453407.
3, 37, 256337
List the prime factors of 704465.
5, 140893
List the prime factors of 7126574.
2, 7, 13, 39157
What are the prime factors of 4235402?
2, 2117701
What are the prime factors of 142884?
2, 3, 7
What are the prime factors of 401920?
2, 5, 157
List the prime factors of 19905144.
2, 3, 7, 109, 1087
List the prime factors of 7433375.
5, 59467
What are the prime factors of 126921?
3, 42307
What are the prime factors of 3095681?
3095681
List the prime factors of 123738.
2, 3, 41, 503
What are the prime factors of 1547531?
19, 79, 1031
List the prime factors of 20492146.
2, 19, 539267
List the prime factors of 597245.
5, 11, 10859
What are the prime factors of 17343650?
2, 5, 346873
What are the prime factors of 78475?
5, 43, 73
What are the prime factors of 270505?
5, 54101
List the prime factors of 2458399.
1553, 1583
List the prime factors of 4082161.
127, 32143
List the prime factors of 1889949.
3, 19, 71, 467
List the prime factors of 418713.
3, 139571
List the prime factors of 678698.
2, 137, 2477
List the prime factors of 24535952.
2, 7, 219071
List the prime factors of 185973.
3, 61991
List the prime factors of 3073357.
7, 67, 6553
What are the prime factors of 221520?
2, 3, 5, 13, 71
List the prime factors of 799184.
2, 199, 251
List the prime factors of 15021814.
2, 127, 59141
List the prime factors of 93803.
19, 4937
What are the prime factors of 48920?
2, 5, 1223
List the prime factors of 7642532.
2, 23, 83071
What are the prime factors of 8733254?
2, 4366627
List the prime factors of 9808939.
7, 509, 2753
What are the prime factors of 426220?
2, 5, 101, 211
List the prime factors of 769714.
2, 11, 59, 593
List the prime factors of 5613868.
2, 13, 47, 2297
What are the prime factors of 23571035?
5, 37, 103, 1237
List the prime factors of 493115.
5, 7, 73, 193
List the prime factors of 11053028.
2, 7, 56393
List the prime factors of 241080.
2, 3, 5, 7, 41
List the prime factors of 2704752.
2, 3, 2087
List the prime factors of 106677.
3, 439
What are the prime factors of 204057?
3, 7, 41, 79
List the prime factors of 154458.
2, 3, 8581
List the prime factors of 1709044.
2, 17, 41, 613
List the prime factors of 891078.
2, 3, 148513
List the prime factors of 75660.
2, 3, 5, 13, 97
What are the prime factors of 5808516?
2, 3, 7, 69149
What are the prime factors of 461153?
7, 11, 53, 113
List the prime factors of 31899321.
3, 23, 73, 2111
What are the prime factors of 460020?
2, 3, 5, 11, 17, 41
What are the prime factors of 3794865?
3, 5, 31, 8161
List the prime factors of 3602727.
3, 31, 37, 349
List the prime factors of 7977746.
2, 7, 569839
List the prime factors of 135682.
2, 179, 379
What are the prime factors of 1924317?
3, 7919
List the prime factors of 220911.
3, 73637
What are the prime factors of 445475?
5, 103, 173
List the prime factors of 2382485.
5, 7, 68071
List the prime factors of 571330.
2, 5, 19, 31, 97
List the prime factors of 5860500.
2, 3, 5, 3907
List the prime factors of 576876.
2, 3, 48073
List the prime factors of 885062.
2, 442531
List the prime factors of 46514.
2, 13, 1789
What are the prime factors of 2500078?
2, 7, 97, 263
What are the prime factors of 109058?
2, 31, 1759
What are the prime factors of 2002626?
2, 3, 71, 1567
List the prime factors of 5073501.
3, 23, 73529
List the prime factors of 31412381.
7, 11, 13, 4483
What are the prime factors of 165046?
2, 7, 11789
What are the prime factors of 1097981?
149, 7369
List the prime factors of 175628.
2, 23, 83
List the prime factors of 1368838.
2, 684419
List the prime factors of 20157907.
7, 11, 261791
What are the prime factors of 13531776?
2, 3, 131, 269
List the prime factors of 3940646.
2, 1217, 1619
What are the prime factors of 5021945?
5, 571, 1759
List the prime factors of 1674870.
2, 3, 5, 55829
List the prime factors of 33288.
2, 3, 19, 73
List the prime factors of 23480.
2, 5, 587
List the prime factors of 2005255.
5, 7, 23, 47, 53
List the prime factors of 91951.
91951
List the prime factors of 10596418.
2, 7, 756887
What are the prime factors of 1541126?
2, 71, 10853
What are the prime factors of 1424907?
3, 11, 37, 389
What are the prime factors of 461891?
461891
What are the prime factors of 630642?
2, 3, 105107
What are the prime factors of 108742?
2, 54371
List the prime factors of 3289205.
5, 657841
List the prime factors of 1945611.
3, 216179
What are the prime factors of 25539375?
3, 5, 53, 257
List the prime factors of 8657980.
2, 5, 193, 2243
List the prime factors of 6131509.
17, 19, 41, 463
List the prime factors of 9688547.
11, 677, 1301
List the prime factors of 1332566.
2, 31, 21493
What are the prime factors of 7020235?
5, 17, 82591
List the prime factors of 1860275.
5, 74411
List the prime factors of 6626477.
11, 13, 149, 311
List the prime factors of 434844.
2, 3, 47, 257
What are the prime factors of 450768?
2, 3, 9391
List the prime factors of 144894.
2, 3, 19, 31, 41
List the prime factors of 3355142.
2, 7, 47, 5099
What are the prime factors of 722052?
2, 3, 31, 647
List the prime factors of 2854232.
2, 17, 31, 677
List the prime factors of 3441019.
3441019
List the prime factors of 27113310.
2, 3, 5, 7, 43037
List the prime factors of 769629.
3, 7, 67, 547
List the prime factors of 262696.
2, 7, 4691
What are the prime factors of 258568?
2, 32321
List the prime factors of 1514328.
2, 3, 63097
List the prime factors of 252833.
7, 19, 1901
List the prime factors of 567869.
157, 3617
List the prime factors of 4538071.
523, 8677
What are the prime factors of 2875639?
13, 221203
What are the prime factors of 241697?
263, 919
List the prime factors of 5691164.
2, 131, 10861
What are the prime factors of 170462?
2, 29, 2939
What are the prime factors of 29503205?
5, 5900641
List the prime factors of 2491705.
5, 23, 47, 461
What are the prime factors of 5033538?
2, 3, 279641
List the prime factors of 10558499.
7, 1013, 1489
What are the prime factors of 279005?
5, 41, 1361
What are the prime factors of 149604?
2, 3, 7, 13, 137
What are the prime factors of 3661583?
3661583
List the prime factors of 561887.
19, 29573
List the prime factors of 4579077.
3, 79, 139
List the prime factors of 1258837.
1258837
List the prime factors of 2207597.
7, 45053
What are the prime factors of 1181247?
3, 393749
List the prime factors of 4688332.
2, 11, 127, 839
What are the prime factors of 294223?
294223
What are the prime factors of 14461701?
3, 2153, 2239
What are the prime factors of 47594?
2, 53, 449
List the prime factors of 21250767.
3, 7083589
List the prime factors of 2405834.
2, 743, 1619
What are the prime factors of 375762?
2, 3, 62627
What are the prime factors of 5735313?
3, 212419
List the prime factors of 877825.
5, 13, 37, 73
What are the prime factors of 3485025?
3, 5, 1721
What are the prime factors of 433821?
3, 41, 3527
List the prime factors of 1048.
2, 131
List the prime factors of 1016935.
5, 203387
List the prime factors of 480052.
2, 43, 2791
What are the prime factors of 395633?
7, 56519
List the prime factors of 12888750.
2, 3, 5, 7, 491
List the prime factors of 456072.
2, 3, 31, 613
What are the prime factors of 208590?
2, 3, 5, 17, 409
What are the prime factors of 7390876?
2, 137, 13487
What are the prime factors of 223860?
2, 3, 5, 7, 13, 41
What are the prime factors of 5824211?
5824211
What are the pri